4
Calculate the highest common divisor of 62 and 30353402.
62
What is the highest common factor of 264985 and 6201440?
3955
Calculate the greatest common divisor of 687245 and 29757.
1417
Calculate the greatest common factor of 614586 and 4158.
42
What is the highest common factor of 639 and 14571?
9
Calculate the highest common factor of 13954440 and 984680.
4120
What is the highest common divisor of 93311 and 33373?
23
Calculate the greatest common factor of 134 and 160997717.
67
What is the greatest common factor of 63 and 6160770?
63
Calculate the highest common factor of 73635 and 125.
5
Calculate the highest common factor of 979 and 811437.
11
Calculate the greatest common divisor of 15416 and 4690976.
376
Calculate the highest common factor of 1253388 and 2941856.
596
Calculate the greatest common factor of 409424268 and 396.
132
Calculate the greatest common factor of 14155 and 1615.
95
What is the highest common divisor of 3506100 and 413400?
3900
What is the greatest common factor of 340525 and 1600?
25
Calculate the greatest common divisor of 22348 and 16650.
74
Calculate the greatest common divisor of 90 and 6230646.
18
Calculate the highest common factor of 6280 and 170380.
20
Calculate the greatest common divisor of 359040 and 519690.
510
Calculate the greatest common factor of 3322947375 and 1975.
1975
What is the highest common divisor of 923586 and 6726?
354
Calculate the greatest common divisor of 136 and 52904008.
8
What is the greatest common factor of 132838 and 782?
34
What is the highest common divisor of 148732 and 1517644?
1444
Calculate the greatest common factor of 2271159 and 326272.
2549
Calculate the highest common divisor of 26656 and 1232238.
14
Calculate the greatest common divisor of 7670 and 4907110.
130
What is the greatest common factor of 215 and 29405249?
43
Calculate the greatest common factor of 143 and 1403469639.
143
Calculate the highest common divisor of 6233 and 614629.
23
What is the highest common factor of 11396 and 1003310?
154
Calculate the greatest common factor of 40648619 and 5.
1
Calculate the highest common factor of 1732907384 and 52.
52
What is the greatest common factor of 1328935 and 25?
5
Calculate the highest common divisor of 413890587 and 10287.
3429
Calculate the greatest common factor of 209 and 27270760.
11
Calculate the highest common factor of 167348 and 1840.
92
Calculate the highest common divisor of 16328782 and 48103.
4373
Calculate the highest common factor of 682 and 14066591.
341
Calculate the highest common factor of 13282 and 503324.
58
What is the highest common divisor of 472862 and 19942?
338
Calculate the highest common divisor of 78813 and 64323.
63
What is the greatest common factor of 7511682 and 52?
2
What is the greatest common divisor of 9288 and 90988?
172
What is the highest common factor of 579802716 and 108?
36
What is the greatest common divisor of 2240344 and 3860?
772
Calculate the highest common divisor of 4951323 and 3737.
101
What is the greatest common factor of 8900983 and 8099?
91
Calculate the highest common factor of 56082027 and 138.
69
Calculate the greatest common divisor of 2314467 and 15525.
621
What is the greatest common divisor of 1001 and 6402935?
77
Calculate the greatest common divisor of 52490 and 980.
10
What is the greatest common factor of 4104 and 752096?
152
What is the highest common divisor of 5811708 and 307319?
1609
What is the highest common divisor of 70300 and 11647?
19
Calculate the greatest common divisor of 13266 and 6986023.
737
What is the greatest common factor of 1044471 and 1855?
53
What is the highest common factor of 601168 and 1488?
16
What is the greatest common factor of 126 and 43186710?
42
What is the greatest common factor of 4474740 and 856?
428
What is the highest common factor of 2293661 and 2196?
61
What is the highest common factor of 186982353 and 647?
647
Calculate the greatest common divisor of 211933615 and 230.
115
What is the highest common divisor of 5578845 and 166?
83
Calculate the greatest common factor of 44367 and 1920408.
69
What is the highest common divisor of 9772 and 81386102?
4886
Calculate the highest common divisor of 58 and 1788686.
2
What is the highest common factor of 198379 and 703?
19
Calculate the greatest common factor of 294 and 3746346.
6
Calculate the greatest common divisor of 2233 and 447558769.
203
What is the highest common factor of 5373 and 1047357?
27
Calculate the highest common divisor of 4920 and 10585872.
984
Calculate the highest common factor of 314 and 7646.
2
What is the highest common divisor of 322072821 and 42?
21
What is the greatest common divisor of 10 and 581651210?
10
What is the highest common factor of 1072 and 73492568?
536
What is the highest common factor of 6526 and 478688626?
6526
What is the highest common divisor of 529345 and 460?
115
What is the greatest common divisor of 805 and 250205270?
805
What is the highest common factor of 1076 and 299734?
2
What is the highest common factor of 68009 and 872541?
1447
What is the greatest common divisor of 190940 and 268?
4
What is the highest common factor of 763 and 18097161?
109
Calculate the greatest common factor of 2920786 and 682.
22
What is the highest common factor of 102483682 and 1197?
133
What is the highest common factor of 16060 and 983565?
55
Calculate the greatest common factor of 86942 and 529147.
1499
What is the highest common divisor of 90019129 and 1283?
1283
Calculate the greatest common factor of 47560 and 9675560.
1160
Calculate the greatest common divisor of 40121 and 6436267.
53
What is the highest common divisor of 1935433 and 123080?
3077
What is the greatest common factor of 214214 and 20566?
182
What is the highest common divisor of 174 and 67560198?
174
Calculate the greatest common factor of 223652 and 324116.
1196
Calculate the greatest common divisor of 67205070 and 90.
90
Calculate the highest common divisor of 2978870 and 2220.
370
Calculate the highest common divisor of 420 and 44254560.
420
Calculate the greatest common factor of 5452 and 1060508.
188
Calculate the highest common factor of 26384 and 6076565.
1649
Calculate the highest common factor of 20554580 and 32.
4
What is the greatest common factor of 12 and 248413500?
12
Calculate the greatest common divisor of 4186 and 16580746.
4186
Calculate the greatest common divisor of 1570 and 1070583.
157
What is the highest common factor of 211 and 105202068?
211
What is the highest common factor of 1416095 and 1349?
71
What is the greatest common divisor of 390 and 2827630?
130
Calculate the highest common divisor of 478389942 and 5130.
1026
Calculate the greatest common divisor of 71168 and 2159504.
2224
What is the greatest common factor of 152721 and 74763?
639
What is the greatest common divisor of 8000 and 5124400?
400
Calculate the highest common factor of 1552348 and 28.
28
What is the highest common factor of 7785836 and 100936?
4588
Calculate the greatest common factor of 2202207 and 92418.
633
What is the highest common factor of 1088 and 2059244?
68
Calculate the highest common factor of 117384 and 810834.
402
What is the greatest common factor of 64 and 2382624?
32
What is the highest common divisor of 11 and 146120029?
11
Calculate the greatest common factor of 130995 and 2108835.
1845
What is the highest common factor of 5427975 and 4853?
211
What is the greatest common factor of 5866 and 6273008?
14
What is the highest common factor of 3713 and 85629206?
3713
Calculate the greatest common factor of 7772 and 4618511.
1943
What is the greatest common factor of 1210 and 985776?
22
Calculate the greatest common factor of 2357048 and 10952.
296
What is the highest common factor of 7147131 and 192?
3
Calculate the greatest common divisor of 472737211 and 262.
131
What is the greatest common factor of 11504 and 1263283?
719
What is the greatest common divisor of 544 and 802516144?
272
Calculate the greatest common divisor of 5962 and 305260362.
5962
Calculate the highest common divisor of 473 and 47478134.
11
What is the greatest common divisor of 12502851 and 538?
269
Calculate the highest common divisor of 2989935 and 1125.
45
Calculate the highest common divisor of 837 and 22447875.
93
Calcu